l + 14. Give r(a).
-5
Let j be (-11 + 9)/(16/48). Let x(g) = 2*g**2 + 14*g + 4. Calculate x(j).
-8
Let i(c) = c**3 + 8*c**2 - 51*c - 405. Let k be i(-7). Let p(n) = 5*n + 0*n - 18*n. Give p(k).
-13
Let i(g) = -g**3 + 5*g**2 + 2*g**3 - 1 - 1 + 4*g. Suppose 276*w - 278*w + 10 = -5*q, q = 4*w + 16. Give i(q).
-2
Let g(q) = -64*q - 2247. Let k be g(-35). Let x(a) = -4*a - 23. Determine x(k).
5
Let m(d) = d**3 - 5*d**2 + 4*d + 5. Let l(y) = -14*y - 109. Let h be l(-8). Let q(i) = i**2 - 2*i + 1. Let a be q(h). Calculate m(a).
5
Suppose -3943*z = -3948*z - 79 + 229. Let c(r) = -r**2 + 29*r + 9. What is c(z)?
-21
Let a be (-10)/(-2) + (-20 - -15). Suppose 0 = 5*w - 5*v + 3 - 18, -2*w + 4*v = a. Let t(k) = 2 - k**3 + 7*k - 5 + 5*k**2 - 3 + 0*k. Give t(w).
0
Let r(y) = -y**2 - 7*y - 8. Suppose -2*i = -4*t - 20, 7*i - 6*i + t + 2 = 0. Suppose -5*l + i*l - 24 = 0. What is r(l)?
-16
Let x(n) = n**2 + n + 1. Let r(g) be the first derivative of 4*g**3/3 - 4*g - 10. Let k be (-4)/18 - (-56)/(-72). Let p(l) = k*r(l) + 5*x(l). Give p(-6).
15
Suppose 4*u - 85 = 5*k, -3*u + 4*k + 95 = 2*u. Let y(s) = 23*s - u*s - 5*s - 4. Suppose -x = 2 + 1. Give y(x).
-13
Let q(g) = -g**2 + 2*g + 1. Suppose 0 = 207*c - 204*c + 2082. Let o = c - -693. Determine q(o).
-2
Let k(w) = 5*w**2 - 4*w. Let r(n) = -6*n**2 + 5*n - 1. Let a(i) = -5*k(i) - 4*r(i). Suppose -3*t + 26 = -211. Let q = t - 79. What is a(q)?
4
Let t(k) be the third derivative of k**5/120 + k**4/24 - 5*k**3 + 25*k**2 + 2*k. Let c(a) be the first derivative of t(a). What is c(-6)?
-5
Let l(w) be the second derivative of 11*w**3/6 + 113*w**2 - 1281*w. Determine l(-21).
-5
Let o(v) = 31*v**2 + 592*v + 51. Let b be o(-19). Let y(u) = 11*u - 38. Determine y(b).
-104
Suppose 0 = 3*j - o - 9, 3*j - 5*o - 9 + 0 = 0. Let q(n) be the first derivative of -2*n + 13 - 1/4*n**4 - 4/3*n**j + 2*n**2. Determine q(-4).
-18
Let o = 318 - 314. Let v be ((-7)/(-3))/(o/12). Let y(h) = -3*h - 9. Give y(v).
-30
Suppose 4*w - 25 = -3*f, -4*w - 7 = f - 26. Let o be 594/(-5643) + 1*(-40)/(-19). Let d(n) = 1 - 10*n**2 - f*n**o + 20*n**2 - n. What is d(1)?
7
Suppose 5*v - 162 - 233 = -4*j, 0 = -4*j + 2*v + 430. Suppose -15*b - 6*b + j = 0. Let w(g) = -g**2 + 4*g + 4. What is w(b)?
-1
Suppose 13 + 36 = 7*l. Let t(c) = 3*c**3 + 9*c**2 - 7*c - 6. Let k(q) = 17*q**3 + 45*q**2 - 34*q - 31. Let d(n) = -2*k(n) + 11*t(n). Calculate d(l).
31
Let m(c) = -c**3 + 5*c**2 - 9*c + 13. Suppose 0 = w - 5*v + 12, -w - 5*v - 2 = -20. What is m(w)?
4
Let w be 1*7 - 12/(792/385). Let q(l) be the second derivative of -1/2*l**4 + 7/2*l**2 + 31*l + 0 + w*l**3 - 1/20*l**5. Give q(-7).
7
Let o(n) = 249 + 256 - 771 + n - n**2 + 263. Determine o(7).
-45
Let b(u) be the second derivative of -3*u**3/2 - 11*u**2 + 2322*u. Determine b(-5).
23
Let d(n) be the first derivative of -n**5/60 + n**4/6 + 13*n**2/2 - 6. Let q(b) be the second derivative of d(b). Let a = 121 + -116. What is q(a)?
-5
Let y(j) = -j**3 + 11*j**2 - 49*j - 23. Let c(o) = o**3 - 11*o**2 + 58*o + 25. Let s(x) = 5*c(x) + 6*y(x). Let w = -16 - -26. Determine s(w).
47
Let g(w) be the third derivative of 0*w - 1/120*w**6 - 3/2*w**3 - 5*w**2 - 7/60*w**5 + 0 - 1/4*w**4. Suppose 3*f + 22 = c, 4*f + 46 - 14 = 2*c. Calculate g(f).
-9
Let m(x) = -x**2 + 6*x + 4. Let p = 21 - 18. Suppose -p*q - q = 0, -4*s + 256 = 5*q. Let f = s - 58. Give m(f).
4
Suppose 0 = -14*u + 8*u + 102. Suppose 7*g - u = -3. Let q(a) = 1 + 107*a**3 + 10*a**2 - 15*a**g - 106*a**3. Determine q(5).
1
Let b(v) = -6*v**3 - 4*v**2 + v + 1. Let y(p) = -31*p**3 - 21*p**2 + 6*p + 5. Let c(q) = 11*b(q) - 2*y(q). Determine c(2).
-41
Let h(v) = -v**3 - 4*v**2 - 1. Suppose b - 136 = 4*b - y, -131 = 3*b - 2*y. Let k(l) = 90*l + 133. Let s be k(-1). Let x = b + s. What is h(x)?
-1
Let k be (5/(-15) - 1)/((-1)/(-3)). Let u(o) be the first derivative of -o**4/4 - 4*o**3/3 + o**2/2 + 2*o - 327. What is u(k)?
-2
Let z(s) = -s**3 - s**2 + s. Let i(n) = 27*n**3 - 2*n**2 + 6*n + 2. Let k(d) = -i(d) + 3*z(d). Give k(-1).
30
Let g(p) = -p + 1. Let q(k) = -2*k**2 - 3. Let h(w) = -3*g(w) - q(w). Let n = -3321 - -3318. What is h(n)?
9
Let k = -880 - -1232. Let b = k - 349. Let n(y) = -10*y + 3. Give n(b).
-27
Let x(t) = -t**2 - t + 21. Suppose -5*m + 10*m - 25 = 5*s, -21 = 4*s - 5*m. Give x(s).
9
Let f(y) be the first derivative of -2*y**2 - 199 + 5*y + 1/3*y**3. Determine f(4).
5
Let q(o) = 8 + 2*o + 3*o**2 - 4 - 4*o**2 - 5*o. Suppose 0*x + 7 = -4*x - f, 4*f - 35 = 5*x. Calculate q(x).
4
Let k(h) = -h**3 + 9*h**2 - 7*h - 9. Let q(f) = 29*f - 104 + 42 + 22 - 13*f - f**2. Let t be q(4). What is k(t)?
-1
Let w(y) = y + 3. Let p be 6/2*(-60)/(-18). Suppose -8*h - 42 = -p. Let r be (h + 4)*((-1)/(-2))/1. Calculate w(r).
3
Let l(u) = 6*u - 18 + 41 - 5*u - 10*u + 34. What is l(8)?
-15
Let a(t) = -4*t**2 + t - 1. Suppose 3*d - 8*d - 4*s - 8 = 0, 2*d = -2*s - 4. Suppose d = -c + 65 - 64. Give a(c).
-4
Let n(z) = 20*z + 225. Let y be n(19). Let k = y + -609. Let w(p) = -p**2 - 2*p - 3. What is w(k)?
-11
Let m = -1531 - -1535. Let p(g) be the third derivative of 0*g + 0*g**3 + m*g**2 + 1/8*g**4 + 0. Calculate p(6).
18
Let v(x) = x**3 - 15*x**2 + 26*x + 2. Let l be v(13). Suppose -l*s + 2*p + 40 = 0, -5*s = -p - 2*p - 94. Let j(b) = 3*b - 29 + 12 + s. What is j(-1)?
-3
Let h(v) = -70*v - v + 77 + 71*v - 6*v - 3*v. Give h(12).
-31
Suppose 96*r = 37*r - 1357. Let c(h) = h**2 + 22*h - 23. Calculate c(r).
0
Let x = -38 - -40. Suppose -x*i + 63 = 4*n + 207, -3*i = 3*n + 111. Let q = -34 - n. Let w(j) = -5*j - 1. Calculate w(q).
-6
Let k(p) = 5*p + 6. Let u(z) = -18*z + 210. Let d be u(10). Suppose 16*t - 50 = d. What is k(t)?
31
Let w(u) = 6*u - 33. Let k(a) = 3*a - 16. Let d(l) = -7*k(l) + 3*w(l). Determine d(7).
-8
Let f be (1/(-2))/((-2)/4). Let s(q) = 5 - 21*q - f + 4 + 22*q. Let z(p) = 3*p + 24. Let k(v) = 17*s(v) - 6*z(v). What is k(0)?
-8
Let s(i) be the second derivative of i**7/840 + i**6/72 + i**5/40 - i**4/12 + 28*i**3 + 4*i - 1. Let v(r) be the second derivative of s(r). Determine v(-3).
7
Let h = 1 + 1. Suppose 119 - 87 = 8*v. Suppose -h*s - 8*j = -5*j, -v*j = 5*s + 14. Let q(u) = u**2 + 7*u + 9. What is q(s)?
3
Let a(d) = -2*d**2 + 0*d**2 + d + 4 - 342*d**3 + 344*d**3 + 8*d - 4*d**2. Calculate a(4).
72
Let r(u) be the third derivative of u**4/12 - 4*u**3/3 - u**2. Let p = 143373 - 143368. Give r(p).
2
Let y(b) = b**3 - 4*b**2 - 3*b - 4. Let q be (29 - (-2 - 2)) + 1. Suppose 37*t - q*t = 9. Suppose -t*o - 9 = -3*u + 21, 0 = 3*u + 3*o. Determine y(u).
6
Let h = -2 + 4. Let z(o) = 5*o - 10. Suppose 4*l - 44 = 4*x, -2*l + 0 = 2*x + 14. Let v(j) = -j + 2. Let a(q) = x*v(q) - 2*z(q). Determine a(h).
0
Let g(c) = -6*c**2 + c - 1. Let z(y) be the second derivative of 0 - 34*y - y**2 + 2/3*y**3 - 1/12*y**4. Let k be z(3). Give g(k).
-6
Let k(v) = 2*v**2 - 3*v - 2. Let c be k(-1). Let g(t) = t - 55. Let z(j) = -j + 25. Let h(x) = 3*g(x) + 7*z(x). Give h(c).
-2
Suppose 104 = 3*x + 98. Let y(j) = 3*j - 2*j**x - 7*j**2 + 9*j**2 + j**3 - 4 + 5*j**2. Determine y(-3).
5
Let i(m) be the third derivative of m**5/60 - 3*m**4/8 - m**3/3 + 117*m**2 + 3*m + 2. Determine i(3).
-20
Suppose -1 = -d + 1. Let f(o) = -o**3 + 3 + 5*o**3 - 3*o**3 + o - o**d. Calculate f(0).
3
Let s(t) = -t**2 + 4*t + 22. Let f be (-2)/(-1)*(11 - (-10)/(-50)*65). Determine s(f).
-10
Let r(x) = -10*x - 1. Suppose -3*h + 5*f = -114, h + 4*f = 34 + 4. Let b = -26 + h. Let n be (-4)/5*(-30)/b. Calculate r(n).
-21
Let g(h) be the second derivative of h**5/60 + h**4/24 - 7*h**3/6 + 21*h**2 + 155*h. Let i(n) be the first derivative of g(n). Give i(-4).
5
Let l(f) be the first derivative of -f**4/4 - 5*f**3/3 + 3*f**2 + 1319. Give l(-6).
0
Let l(r) = 2*r**2 - 7*r + 9. Suppose 42 = -10*f + 2. Let t(d) = -3*d + 4. Let m(g) = f*l(g) + 9*t(g). What is m(-1)?
-9
Suppose -4*p = 5*n + 3619, -3*n + 2*p = -5*n - 1446. Let j = 727 + n. Let u(k) = -k**3 - k**2 - k + 15. What is u(j)?
15
Let x(p) = -17*p + 46. Let c(l) = l**3 + 74*l**2 + 839*l - 57. Let j be c(-60). What is x(j)?
-5
Let t(b) = b**3 - 54*b**2 + 244*b + 9. Let h(d) = -75*d + 2780. Let i be h(37). Calculate t(i).
4
Let z(k) = -k**3 + 9*k**2 - 9*k + 3. Suppose -223*t = -219*t + 4. Let j be -6 - t - (-52)/4. Give z(j).
-5
Let v(o) = o**2 - 4*o + 1. Let r be (70/8)/((-20)